{"id":58,"date":"2025-03-04T09:22:50","date_gmt":"2025-03-04T08:22:50","guid":{"rendered":"https:\/\/radegard.com\/?page_id=58"},"modified":"2025-04-30T08:32:28","modified_gmt":"2025-04-30T07:32:28","slug":"strona-glowna","status":"publish","type":"page","link":"https:\/\/radegard.com\/","title":{"rendered":"Strona g\u0142\u00f3wna"},"content":{"rendered":"\n<div class=\"wp-block-media-text is-stacked-on-mobile\"><figure class=\"wp-block-media-text__media\"><img loading=\"lazy\" decoding=\"async\" width=\"1024\" height=\"782\" src=\"https:\/\/radegard.com\/\/wp-content\/uploads\/2025\/04\/WhatsApp-Image-2025-04-30-at-07.17.09-1024x782.jpeg\" alt=\"\" class=\"wp-image-357 size-full\" srcset=\"https:\/\/radegard.com\/wp-content\/uploads\/2025\/04\/WhatsApp-Image-2025-04-30-at-07.17.09-1024x782.jpeg 1024w, https:\/\/radegard.com\/wp-content\/uploads\/2025\/04\/WhatsApp-Image-2025-04-30-at-07.17.09-300x229.jpeg 300w, https:\/\/radegard.com\/wp-content\/uploads\/2025\/04\/WhatsApp-Image-2025-04-30-at-07.17.09-768x587.jpeg 768w, https:\/\/radegard.com\/wp-content\/uploads\/2025\/04\/WhatsApp-Image-2025-04-30-at-07.17.09-1536x1173.jpeg 1536w, https:\/\/radegard.com\/wp-content\/uploads\/2025\/04\/WhatsApp-Image-2025-04-30-at-07.17.09.jpeg 1600w\" sizes=\"auto, (max-width: 1024px) 100vw, 1024px\" \/><\/figure><div class=\"wp-block-media-text__content\">\n<p>Witajcie w RADEGARD \u2013 Twoim Partnerze w piel\u0119gnacji teren\u00f3w zielonych!<\/p>\n\n\n\n<p>Jeste\u015bmy dumni, \u017ce mo\u017cemy Was powita\u0107 na naszym oficjalnym profilu! Chcieliby\u015bmy si\u0119 z Wami podzieli\u0107 kilkoma informacjami na temat naszych us\u0142ug, cel\u00f3w i tego, co nas wyr\u00f3\u017cnia.<\/p>\n\n\n\n<p>Nasza firma specjalizuje si\u0119 w produkcji innowacyjnych produkt\u00f3w wyposa\u017cenia kosiarek ogrodowych. Od nowoczesnych no\u017cy do kosisk po zgrabiarki ogrodowe \u2013 jeste\u015bmy gotowi zrealizowa\u0107 ka\u017cde wyzwanie. Dostosowujemy si\u0119 do Waszych potrzeb, dostarczaj\u0105c najwy\u017csz\u0105 jako\u015b\u0107 us\u0142ug.<\/p>\n\n\n\n<p>Naszym g\u0142\u00f3wnym celem jest produkcja komponent\u00f3w z materia\u0142\u00f3w najwy\u017cszej jako\u015bci i jak najprostszych w obs\u0142udze.<\/p>\n\n\n\n<p>Zapraszamy Was do obejrzenia galerii zdj\u0119\u0107, gdzie prezentujemy nasze dotychczasowe projekty. <\/p>\n<\/div><\/div>\n\n\n\n<p><\/p>\n","protected":false},"excerpt":{"rendered":"<p>Witajcie w RADEGARD \u2013 Twoim Partnerze w piel\u0119gnacji teren\u00f3w zielonych! Jeste\u015bmy dumni, \u017ce mo\u017cemy Was powita\u0107 na naszym oficjalnym profilu! Chcieliby\u015bmy si\u0119 z Wami podzieli\u0107 kilkoma informacjami na temat naszych us\u0142ug, cel\u00f3w i tego, co nas wyr\u00f3\u017cnia. Nasza firma specjalizuje si\u0119 w produkcji innowacyjnych produkt\u00f3w wyposa\u017cenia kosiarek ogrodowych. Od nowoczesnych no\u017cy do kosisk po zgrabiarki [&hellip;]<\/p>\n","protected":false},"author":1,"featured_media":0,"parent":62,"menu_order":0,"comment_status":"closed","ping_status":"closed","template":"","meta":{"footnotes":""},"class_list":["post-58","page","type-page","status-publish","czr-hentry"],"_links":{"self":[{"href":"https:\/\/radegard.com\/index.php\/wp-json\/wp\/v2\/pages\/58","targetHints":{"allow":["GET"]}}],"collection":[{"href":"https:\/\/radegard.com\/index.php\/wp-json\/wp\/v2\/pages"}],"about":[{"href":"https:\/\/radegard.com\/index.php\/wp-json\/wp\/v2\/types\/page"}],"author":[{"embeddable":true,"href":"https:\/\/radegard.com\/index.php\/wp-json\/wp\/v2\/users\/1"}],"replies":[{"embeddable":true,"href":"https:\/\/radegard.com\/index.php\/wp-json\/wp\/v2\/comments?post=58"}],"version-history":[{"count":4,"href":"https:\/\/radegard.com\/index.php\/wp-json\/wp\/v2\/pages\/58\/revisions"}],"predecessor-version":[{"id":358,"href":"https:\/\/radegard.com\/index.php\/wp-json\/wp\/v2\/pages\/58\/revisions\/358"}],"up":[{"embeddable":true,"href":"https:\/\/radegard.com\/index.php\/wp-json\/wp\/v2\/pages\/62"}],"wp:attachment":[{"href":"https:\/\/radegard.com\/index.php\/wp-json\/wp\/v2\/media?parent=58"}],"curies":[{"name":"wp","href":"https:\/\/api.w.org\/{rel}","templated":true}]}}